t is the thousands digit of 832110?
2
What is the hundreds digit of 34355?
3
What is the ten thousands digit of 527961?
2
What is the hundred thousands digit of 787634?
7
What is the ten thousands digit of 15057682?
5
What is the hundred thousands digit of 817627?
8
What is the hundred thousands digit of 12258589?
2
What is the units digit of 321425?
5
What is the ten thousands digit of 1603538?
0
What is the hundreds digit of 27216481?
4
What is the millions digit of 3253344?
3
What is the tens digit of 171961?
6
What is the units digit of 178094?
4
What is the thousands digit of 3425603?
5
What is the thousands digit of 31902530?
2
What is the thousands digit of 106467?
6
What is the tens digit of 6247560?
6
What is the ten thousands digit of 42616?
4
What is the hundreds digit of 762312?
3
What is the units digit of 5237090?
0
What is the ten millions digit of 22743435?
2
What is the hundred thousands digit of 271150?
2
What is the thousands digit of 2276637?
6
What is the hundreds digit of 22467?
4
What is the tens digit of 11427698?
9
What is the units digit of 413515?
5
What is the ten millions digit of 19997034?
1
What is the millions digit of 1344244?
1
What is the thousands digit of 6510325?
0
What is the ten thousands digit of 717757?
1
What is the tens digit of 33870425?
2
What is the units digit of 696026?
6
What is the tens digit of 1385755?
5
What is the hundred thousands digit of 12595543?
5
What is the hundred thousands digit of 821782?
8
What is the thousands digit of 2152256?
2
What is the tens digit of 44488?
8
What is the tens digit of 9208?
0
What is the units digit of 162843?
3
What is the thousands digit of 136800?
6
What is the millions digit of 6891010?
6
What is the thousands digit of 398501?
8
What is the ten thousands digit of 2387071?
8
What is the units digit of 5647246?
6
What is the hundreds digit of 4418604?
6
What is the thousands digit of 383918?
3
What is the units digit of 6008410?
0
What is the thousands digit of 4429293?
9
What is the hundreds digit of 774174?
1
What is the tens digit of 1062806?
0
What is the tens digit of 3973?
7
What is the millions digit of 9100656?
9
What is the hundreds digit of 124553?
5
What is the millions digit of 7930334?
7
What is the tens digit of 11166780?
8
What is the millions digit of 17063104?
7
What is the ten thousands digit of 554028?
5
What is the units digit of 102312?
2
What is the ten thousands digit of 880688?
8
What is the millions digit of 1862614?
1
What is the millions digit of 1272033?
1
What is the hundreds digit of 267915?
9
What is the thousands digit of 817238?
7
What is the hundred thousands digit of 2859864?
8
What is the tens digit of 223193?
9
What is the tens digit of 1937828?
2
What is the tens digit of 7099271?
7
What is the millions digit of 2140149?
2
What is the units digit of 8445826?
6
What is the thousands digit of 28478845?
8
What is the tens digit of 7677696?
9
What is the units digit of 3322706?
6
What is the hundreds digit of 1233268?
2
What is the tens digit of 1449728?
2
What is the millions digit of 3678621?
3
What is the hundred thousands digit of 3356093?
3
What is the ten thousands digit of 1820172?
2
What is the millions digit of 8411618?
8
What is the tens digit of 1061472?
7
What is the units digit of 2550356?
6
What is the thousands digit of 618296?
8
What is the thousands digit of 8183?
8
What is the ten thousands digit of 97780?
9
What is the units digit of 2124098?
8
What is the units digit of 3059992?
2
What is the tens digit of 102989?
8
What is the thousands digit of 23030030?
0
What is the thousands digit of 1878807?
8
What is the hundreds digit of 2809065?
0
What is the units digit of 8568682?
2
What is the units digit of 9852?
2
What is the ten thousands digit of 1759933?
5
What is the hundred thousands digit of 1034091?
0
What is the tens digit of 54124?
2
What is the thousands digit of 9062771?
2
What is the tens digit of 844891?
9
What is the units digit of 30250?
0
What is the hundreds digit of 2447032?
0
What is the hundreds digit of 297393?
3
What is the hundred thousands digit of 3475995?
4
What is the hundreds digit of 13143019?
0
What is the units digit of 2119453?
3
What is the thousands digit of 5601222?
1
What is the thousands digit of 299087?
9
What is the ten thousands digit of 1569193?
6
What is the units digit of 3041312?
2
What is the thousands digit of 1498608?
8
What is the units digit of 14723801?
1
What is the ten thousands digit of 3505668?
0
What is the millions digit of 9958413?
9
What is the hundred thousands digit of 2684361?
6
What is the hundreds digit of 729053?
0
What is the ten thousands digit of 641709?
4
What is the units digit of 1979680?
0
What is the hundred thousands digit of 33429938?
4
What is the hundred thousands digit of 858355?
8
What is the hundred thousands digit of 127514?
1
What is the tens digit of 249924?
2
What is the units digit of 2832506?
6
What is the hundred thousands digit of 684088?
6
What is the hundreds digit of 9260?
2
What is the hundreds digit of 110588?
5
What is the units digit of 16599760?
0
What is the units digit of 53376?
6
What is the tens digit of 22265378?
7
What is the ten millions digit of 12519246?
1
What is the hundreds digit of 1851042?
0
What is the tens digit of 33215?
1
What is the hundred thousands digit of 573905?
5
What is the units digit of 1510214?
4
What is the hundreds digit of 21176827?
8
What is the thousands digit of 1408198?
8
What is the ten thousands digit of 2257219?
5
What is the millions digit of 6109915?
6
What is the tens digit of 1758689?
8
What is the hundreds digit of 6641957?
9
What is the ten thousands digit of 3940261?
4
What is the thousands digit of 276442?
6
What is the hundreds digit of 58650?
6
What is the units digit of 323643?
3
What is the hundred thousands digit of 185463?
1
What is the hundred thousands digit of 18637562?
6
What is the ten thousands digit of 10742842?
4
What is the hundred thousands digit of 13894298?
8
What is the hundred thousands digit of 176819?
1
What is the hundred thousands digit of 5080221?
0
What is the millions digit of 6771117?
6
What is the ten thousands digit of 4188460?
8
What is the hundreds digit of 2460366?
3
What is the hundreds digit of 8014132?
1
What is the ten thousands digit of 14663057?
6
What is the hundreds digit of 69871?
8
What is the ten thousands digit of 209023?
0
What is the tens digit of 168518?
1
What is the tens digit of 2024326?
2
What is the units digit of 217957?
7
What is the thousands digit of 2665706?
5
What is the tens digit of 268713?
1
What is the ten thousands digit of 53700?
5
What is the ten thousands digit of 292849?
9
What is the hundreds digit of 810?
8
What is the ten thousands digit of 44182402?
8
What is the thousands digit of 127191?
7
What is the tens digit of 82175?
7
What is the millions digit of 3227538?
3
What is the thousands digit of 1263072?
3
What is the hundreds digit of 202988?
9
What is the hundreds digit of 376583?
5
What is the thousands digit of 3816721?
6
What is the millions digit of 27539828?
7
What is the hundreds digit of 125664?
6
What is the units digit of 6080131?
1
What is the units digit of 5783223?
3
What is the thousands digit of 4364122?
4
What is the thousands digit of 159198?
9
What is the thousands digit of 1951742?
1
What is the hundreds digit of 838389?
3
What is the thousands digit of 186636?
6
What is the thousands digit of 1110196?
0
What is the hundreds digit of 142049?
0
What is the tens digit of 985117?
1
What is the tens digit of 1713304?
0
What is the hundred thousands digit of 1121494?
1
What is the ten thousands digit of 4880581?
8
What is the ten thousands digit of 244062?
4
What is the units digit of 4099036?
6
What is the units digit of 6942387?
7
What is the hundred thousands digit of 6374759?
3
What is the ten thousands digit of 3072168?
7
What is the ten thousands digit of 1001120?
0
What is the tens digit of 12492243?
4
What is the hundreds digit of 7788?
7
What is the hundred thousands digit of 1301968?
3
What is the thousands digit of 183959?
3
What is the ten thousands digit of 217305?
1
What is the ten millions digit of 11563884?
1
What is the thousands digit of 297394?
7
What is 